{"id":3237,"date":"2024-03-07T12:39:13","date_gmt":"2024-03-07T11:39:13","guid":{"rendered":"http:\/\/enconscience.com\/?page_id=3237"},"modified":"2024-03-07T16:57:09","modified_gmt":"2024-03-07T15:57:09","slug":"hypnose-individuel","status":"publish","type":"page","link":"https:\/\/enconscience.com\/index.php\/hypnose-individuel\/","title":{"rendered":"L&#8217;hypnose th\u00e9rapeutique"},"content":{"rendered":"\n<div class=\"blockart-section blockart-section-ee77fe79 japonContainer\"><div class=\"blockart-container\"><div class=\"blockart-section-inner\">\n<div class=\"blockart-column blockart-column-1122cfe5\"><div class=\"blockart-column-inner\">\n<svg id=\"uuid-f43443a5-6379-4c1f-a497-4a1d4919cae5\" data-name=\"Calque 2\" xmlns=\"http:\/\/www.w3.org\/2000\/svg\" viewBox=\"0 0 180.57 234.88\">\n  <defs>\n    <style>\n      .uuid-2deeaa84-a923-4f93-afaa-b13e23fadba3 {\n        fill: #f2f2f2;\n      }\n\n      .uuid-a023fc5e-6d0e-4505-bfab-32ba0cc44f6b {\n        fill: #fff;\n      }\n\n      .uuid-e13fcbf7-e9d1-4eb7-859b-448a25ac19af {\n        fill: #2a52a5;\n      }\n    <\/style>\n  <\/defs>\n  <g id=\"uuid-2b724e50-ddc7-404a-9ef6-a07aec5848e3\" data-name=\"Calque 1\">\n    <polygon class=\"uuid-2deeaa84-a923-4f93-afaa-b13e23fadba3\" points=\"0 2.61 0 234.88 164.15 234.88 164.15 2.61 0 2.61 0 2.61\"><\/polygon>\n    <path class=\"uuid-e13fcbf7-e9d1-4eb7-859b-448a25ac19af\" d=\"m166.49,222.32c-58.25,0-105.48-46.37-105.48-103.58S108.24,15.17,166.49,15.17h13.75l.33,207.15h-14.08Z\"><\/path>\n    <polygon class=\"uuid-e13fcbf7-e9d1-4eb7-859b-448a25ac19af\" points=\"0 0 0 4.1 164.15 4.1 164.15 0 0 0 0 0\"><\/polygon>\n    <polygon class=\"uuid-e13fcbf7-e9d1-4eb7-859b-448a25ac19af\" points=\"0 230.71 0 234.82 164.15 234.82 164.15 230.71 0 230.71 0 230.71\"><\/polygon>\n    <path class=\"uuid-a023fc5e-6d0e-4505-bfab-32ba0cc44f6b bigT\" d=\"m150.78,157.35h5.3v4.67h-5.3v4.65h14.71v-4.65h-5.46v-4.67h5.46v-4.65h-14.71v4.65h0Zm18.38-13.75l-14.54-5.54v4.48l5.15,1.58-5.15,1.65v4.7l10.3-4,4.24,1.63v-4.5h0Zm-4.51-12.27c.55-.5,1.08-1.56,1.08-2.64,0-3.09-2.54-4.72-5.68-4.72s-5.68,1.63-5.68,4.72c0,1.08.53,2.13,1.08,2.64h-.84v4.55h14.54v-4.55h-4.51.01Zm-5.68,0c-.46-.19-.77-.65-.77-1.27,0-.96.79-1.53,1.84-1.53s1.84.57,1.84,1.53c0,.57-.31,1.08-.77,1.27h-2.16.02Zm6.52-9.8v-4.55h-6.23c-.55-.14-.89-.6-.89-1.15,0-.72.53-1.05,1.17-1.05h5.94v-4.55h-7.17c-2.42,0-3.95,1.49-3.95,3.86,0,1.22.46,2.3,1.13,2.9h-.89v4.55h10.89Zm-5.44-25.28c-3.38,0-5.68,2.32-5.68,5.77s2.3,5.77,5.68,5.77,5.68-2.35,5.68-5.77-2.3-5.77-5.68-5.77h0Zm0,4.46c1.17,0,1.96.48,1.96,1.32s-.79,1.29-1.96,1.29-1.96-.48-1.96-1.29.79-1.32,1.96-1.32h0Zm1.96-6.45c2.47-.33,3.71-2.49,3.71-5.39s-1.27-5.06-3.67-5.06c-1.85,0-2.88,1.15-3.36,3.19l-.48,2.08c-.07.34-.14.53-.41.53-.24,0-.41-.24-.41-.62,0-.69.36-.89.69-.93v-4.12c-2.25.29-3.74,2.04-3.74,5.25,0,2.66,1.29,4.91,3.83,4.91,1.96,0,2.87-1.17,3.26-3.16l.38-2.04c.07-.34.12-.6.41-.6.31,0,.43.31.43.67,0,.46-.24.84-.67.94v4.36h.03Zm-.55-19.41c.58.17.82.62.82,1.17,0,.79-.46,1.22-1.39,1.39v-6.81h-1.01c-3.26,0-5.51,1.99-5.51,5.49,0,3.26,2.25,5.65,5.68,5.65s5.68-2.23,5.68-5.73c0-2.97-1.56-5.01-4.27-5.42v4.24h0v.02Zm-3.64,1.25c0-.62.48-1.03,1.13-1.13v2.35c-.69-.19-1.13-.58-1.13-1.22h0Z\"><\/path>\n  <\/g>\n<\/svg>\n<\/div><\/div>\n\n\n\n<div class=\"blockart-column blockart-column-3b1364c1\"><div class=\"blockart-column-inner\">\n<div class=\"wp-block-group second japon1 is-content-justification-left is-layout-constrained wp-container-core-group-is-layout-2 wp-block-group-is-layout-constrained\">\n<h1 class=\"wp-block-heading\"><strong>L&#8217;hypnose th\u00e9rapeutique<\/strong><\/h1>\n\n\n\n<blockquote class=\"wp-block-quote is-layout-flow wp-block-quote-is-layout-flow\">\n<p><em>Faites confiance \u00e0 votre inconscient, cet immense magasin de solutions. <\/em>Milton Erickson<em><em>\u00a0<\/em><\/em><\/p>\n<\/blockquote>\n\n\n\n<div class=\"wp-block-group is-layout-constrained wp-block-group-is-layout-constrained\">\n<p><sub>L<\/sub>a pratique de l\u2019hypnose permet de mettre en veilleuse la conscience ordinaire au profit d\u2019un \u00e9tat modifi\u00e9 de conscience. L\u2019hypnose nous donne la possibilit\u00e9 de sortir des chemins de pens\u00e9e habituels et d\u2019acc\u00e9der au ressenti et \u00e0 l\u2019intuition. Elle ouvre le champ des possibles. Par des suggestions qui sont de l\u2019ordre de m\u00e9taphores, de recadrages ou d\u2019activation de r\u00eaves, le sujet pourra se mettre dans un \u00e9tat de r\u00e9ceptivit\u00e9 plus globale. Il mettra en route une s\u00e9rie de cha\u00eenes associatives qui le conduiront \u00e0 reconsid\u00e9rer ses propres concepts. En se reconnectant \u00e0 ses ressources int\u00e9rieures, l\u2019individu pourra progresser face \u00e0 sa probl\u00e9matique et op\u00e9rer un changement spontan\u00e9 et doux.<\/p>\n<\/div>\n<\/div>\n\n\n\n<h3 class=\"wp-block-heading\"><strong>Une approche individuelle est propos\u00e9e :<\/strong><\/h3>\n\n\n\n<ul class=\"wp-block-list\">\n<li><a href=\"https:\/\/enconscience.com\/index.php\/seances-individuelles\/therapie-individuelle-somatique\/\" data-type=\"page\" data-id=\"2327\">Th\u00e9rapie somatique<\/a><\/li>\n<\/ul>\n<\/div><\/div>\n<\/div><\/div><\/div>\n","protected":false},"excerpt":{"rendered":"","protected":false},"author":1,"featured_media":0,"parent":0,"menu_order":0,"comment_status":"closed","ping_status":"closed","template":"","meta":{"footnotes":""},"class_list":["post-3237","page","type-page","status-publish","hentry"],"_links":{"self":[{"href":"https:\/\/enconscience.com\/index.php\/wp-json\/wp\/v2\/pages\/3237"}],"collection":[{"href":"https:\/\/enconscience.com\/index.php\/wp-json\/wp\/v2\/pages"}],"about":[{"href":"https:\/\/enconscience.com\/index.php\/wp-json\/wp\/v2\/types\/page"}],"author":[{"embeddable":true,"href":"https:\/\/enconscience.com\/index.php\/wp-json\/wp\/v2\/users\/1"}],"replies":[{"embeddable":true,"href":"https:\/\/enconscience.com\/index.php\/wp-json\/wp\/v2\/comments?post=3237"}],"version-history":[{"count":3,"href":"https:\/\/enconscience.com\/index.php\/wp-json\/wp\/v2\/pages\/3237\/revisions"}],"predecessor-version":[{"id":3357,"href":"https:\/\/enconscience.com\/index.php\/wp-json\/wp\/v2\/pages\/3237\/revisions\/3357"}],"wp:attachment":[{"href":"https:\/\/enconscience.com\/index.php\/wp-json\/wp\/v2\/media?parent=3237"}],"curies":[{"name":"wp","href":"https:\/\/api.w.org\/{rel}","templated":true}]}}