{"id":1950,"date":"2023-07-26T13:58:12","date_gmt":"2023-07-26T11:58:12","guid":{"rendered":"http:\/\/cxuhngu.cluster027.hosting.ovh.net\/?page_id=1950"},"modified":"2024-06-03T18:46:44","modified_gmt":"2024-06-03T16:46:44","slug":"cycle-de-pleine-conscience-dapprofondissement","status":"publish","type":"page","link":"https:\/\/enconscience.com\/index.php\/seances-collectives\/cycles-de-pleine-conscience\/cycle-de-pleine-conscience-dapprofondissement\/","title":{"rendered":"Cycle de pleine conscience &#8211;  d\u2019approfondissement"},"content":{"rendered":"\n<div class=\"blockart-section blockart-section-ee77fe79 japonContainer\"><div class=\"blockart-container\"><div class=\"blockart-section-inner\">\n<div class=\"blockart-column blockart-column-1122cfe5\"><div class=\"blockart-column-inner\">\n<div class=\"yellow cyclesStatic pc\">\n      <div class=\"circle\"><\/div> <!-- Cercle centr\u00e9 avec diam\u00e8tre de 75% -->\n      <div class=\"gros_titre\"><a href=\"index.php\/seances-collectives\/cycles-de-pleine-conscience\/\">Pleine conscience<\/a><\/div> <!-- Texte pivot\u00e9 avec classe \"gros_titre\" -->\n    \n      <!-- Div contenant les trois liens -->\n      <div class=\"links-container\">\n        <!-- Premier lien -->\n        <a href=\"index.php\/seances-collectives\/index.php\/seances-collectives\/cycles-de-pleine-conscience\/cycle-de-base-mbsr\/\" class=\"link\">\u2022 INITIATION<\/a>\n        <!-- Deuxi\u00e8me lien -->\n        <a href=\"index.php\/seances-collectives\/index.php\/seances-collectives\/cycles-de-pleine-conscience\/cycle-de-pleine-conscience-dapprofondissement\/\" class=\"link selected\">\u2022 APPROFONDISSEMENT<\/a>\n        <!-- Troisi\u00e8me lien -->\n        <a href=\"index.php\/seances-collectives\/index.php\/seances-collectives\/cycles-de-pleine-conscience\/cycles-de-pleine-conscience-specifique\/\" class=\"link\">\u2022 CYCLE SP\u00c9CIFIQUE<\/a>\n      <\/div>\n    <\/div>\n<\/div><\/div>\n\n\n\n<div class=\"blockart-column blockart-column-3b1364c1\"><div class=\"blockart-column-inner\">\n<div class=\"wp-block-group second japon1 is-content-justification-left is-layout-constrained wp-container-core-group-is-layout-2 wp-block-group-is-layout-constrained\">\n<p class=\"what\"><strong>Cycle d&#8217;approfondissement<\/strong><\/p>\n\n\n\n<h1 class=\"wp-block-heading\"><strong><strong>Vivre en accord avec soi-m\u00eame, en conscience&nbsp;<\/strong><\/strong><\/h1>\n\n\n\n<blockquote class=\"wp-block-quote is-layout-flow wp-block-quote-is-layout-flow\">\n<p><em>Au milieu de l\u2019hiver, j\u2019ai d\u00e9couvert en moi un invincible \u00e9t\u00e9.&nbsp;<\/em>Albert Camus<\/p>\n<\/blockquote>\n\n\n\n<div class=\"wp-block-group is-layout-constrained wp-block-group-is-layout-constrained\">\n<p><sub>C<\/sub>e cycle est un approfondissement du cycle de base MBSR. Il est con\u00e7u pour vous permettre d\u2019int\u00e9grer davantage la pleine conscience au sein de votre vie de tous les jours. Port\u00e9 par la force du groupe, vous vous sentirez plus confiant et plus audacieux pour travailler sur vous-m\u00eame, grandir int\u00e9rieurement et am\u00e9liorer vos strat\u00e9gies de r\u00e9silience face \u00e0 l\u2019adversit\u00e9. Vous g\u00e9rerez mieux vos \u00e9motions et agirez conform\u00e9ment \u00e0 <strong>vos valeurs<\/strong> afin de vous orienter vers une vie \u00e9panouissante, riche et pleine de sens.&nbsp;&nbsp;<\/p>\n\n\n\n<p>Le programme m\u00ealera pratiques m\u00e9ditatives, \u00e9tirements corporels, brefs apports th\u00e9oriques ainsi qu\u2019\u00e9changes en groupe et en duo.<\/p>\n<\/div>\n<\/div>\n\n\n\n<h3 class=\"wp-block-heading\"><strong>Au cours de ces s\u00e9ances, vous apprendrez \u00e0<\/strong><\/h3>\n\n\n\n<ul class=\"wp-block-list\">\n<li>utiliser la pleine conscience dans votre vie de tous les jours<\/li>\n\n\n\n<li>accro\u00eetre votre conscience corporelle afin de mieux vous auto-r\u00e9guler<\/li>\n\n\n\n<li>mieux g\u00e9rer vos \u00e9motions<\/li>\n\n\n\n<li>vous lib\u00e9rer de vos ruminations<\/li>\n\n\n\n<li>regarder avec lucidit\u00e9 vos vieilles habitudes et les transformer<\/li>\n\n\n\n<li>vivre en accord avec vos valeurs (votre refuge int\u00e9rieur)<\/li>\n\n\n\n<li>cultiver vos ressources int\u00e9rieures<\/li>\n\n\n\n<li>consolider votre engagement envers la pratique<\/li>\n\n\n\n<li>acqu\u00e9rir plus de pr\u00e9sence et savourer la vie&nbsp;<\/li>\n<\/ul>\n\n\n\n<p>Ce savoir-faire vous permettra pleinement de vivre toute la richesse de votre vie. Il vous aidera \u00e0 agir conform\u00e9ment \u00e0 vos valeurs afin de vous orienter vers une vie \u00e9panouissante, riche et pleine de sens.&nbsp;<\/p>\n<\/div><\/div>\n<\/div><\/div><\/div>\n\n\n\n<div class=\"wp-block-group is-vertical is-layout-flex wp-container-core-group-is-layout-3 wp-block-group-is-layout-flex\">\n<h5 class=\"wp-block-heading\"><strong>Organisation<\/strong><\/h5>\n\n\n\n<p class=\"block\">Ce programme se donne tous les quinze jours, dans un cadre s\u00e9curis\u00e9 et soutenant. Il se compose de 8 s\u00e9ances d\u2019une dur\u00e9e de 2h30.<\/p>\n<\/div>\n\n\n\n<div class=\"wp-block-group is-vertical is-layout-flex wp-container-core-group-is-layout-4 wp-block-group-is-layout-flex\">\n<h5 class=\"wp-block-heading\"><strong>Pr\u00e9-requis<\/strong><\/h5>\n\n\n\n<p class=\"block\">Ce cycle est ouvert \u00e0 toute personne ayant suivi au pr\u00e9alable un programme MBSR. N\u00e9anmoins, ce programme ne convient pas aux personnes actuellement en d\u00e9tresse psychologique aigu\u00eb (troubles bipolaires non stabilis\u00e9s, d\u00e9pression aigu\u00eb, trouble de dissociation, troubles psychotiques). Une prise en charge individuelle peut s\u2019av\u00e9rer bien plus adapt\u00e9e \u00e0 ce type de situations. N\u2019h\u00e9sitez pas \u00e0 me contacter pour en discuter.<\/p>\n<\/div>\n\n\n\n<div class=\"wp-block-group is-vertical is-layout-flex wp-container-core-group-is-layout-5 wp-block-group-is-layout-flex\">\n<h5 class=\"wp-block-heading\"><strong>T\u00e9moignage<\/strong><\/h5>\n\n\n\n<p class=\"block\"><em>\u00ab&nbsp;Je suis ravi d&#8217;avoir chemin\u00e9 pendant ces 8 semaines avec Val\u00e9rie et le groupe. Cet enseignement m\u2019a permis de me sentir moins ballot\u00e9 par les difficult\u00e9s du monde ext\u00e9rieur, et de me sentir plus en s\u00e9curit\u00e9 int\u00e9rieurement. Un tout grand merci&nbsp;!<\/em>&nbsp;\u00bb. Daniel<\/p>\n<\/div>\n\n\n\n<div class=\"wp-block-group is-vertical is-layout-flex wp-container-core-group-is-layout-6 wp-block-group-is-layout-flex\">\n<h5 class=\"wp-block-heading\"><strong>Dates &amp; lieux<\/strong><\/h5>\n<\/div>\n\n\n\n<div class=\"wp-block-group is-vertical is-layout-flex wp-container-core-group-is-layout-7 wp-block-group-is-layout-flex\">\n<h5 class=\"wp-block-heading\"><strong><strong><strong>Tarif<\/strong><\/strong><\/strong><\/h5>\n\n\n\n<p><\/p>\n<\/div>\n\n\n\n<div class=\"wp-block-group is-vertical is-layout-flex wp-container-core-group-is-layout-8 wp-block-group-is-layout-flex\">\n<h5 class=\"wp-block-heading\"><strong><strong><strong>Inscription<\/strong><\/strong><\/strong><\/h5>\n\n\n\n<p>Infos et inscription&nbsp;<a href=\"https:\/\/www.emergences.org\/events\/mindfulness-ozan-septembre-amercredi-octobre\">ici.<\/a><\/p>\n<\/div>\n","protected":false},"excerpt":{"rendered":"<p>Organisation Ce programme se donne tous les quinze jours, dans un cadre s\u00e9curis\u00e9 et soutenant. Il se compose de 8 s\u00e9ances d\u2019une dur\u00e9e de 2h30. Pr\u00e9-requis Ce cycle est ouvert \u00e0 toute personne ayant suivi au pr\u00e9alable un programme MBSR. N\u00e9anmoins, ce programme ne convient pas aux personnes actuellement en d\u00e9tresse psychologique aigu\u00eb (troubles bipolaires [&hellip;]<\/p>\n","protected":false},"author":1,"featured_media":0,"parent":1481,"menu_order":0,"comment_status":"closed","ping_status":"closed","template":"","meta":{"footnotes":""},"class_list":["post-1950","page","type-page","status-publish","hentry"],"_links":{"self":[{"href":"https:\/\/enconscience.com\/index.php\/wp-json\/wp\/v2\/pages\/1950"}],"collection":[{"href":"https:\/\/enconscience.com\/index.php\/wp-json\/wp\/v2\/pages"}],"about":[{"href":"https:\/\/enconscience.com\/index.php\/wp-json\/wp\/v2\/types\/page"}],"author":[{"embeddable":true,"href":"https:\/\/enconscience.com\/index.php\/wp-json\/wp\/v2\/users\/1"}],"replies":[{"embeddable":true,"href":"https:\/\/enconscience.com\/index.php\/wp-json\/wp\/v2\/comments?post=1950"}],"version-history":[{"count":37,"href":"https:\/\/enconscience.com\/index.php\/wp-json\/wp\/v2\/pages\/1950\/revisions"}],"predecessor-version":[{"id":4057,"href":"https:\/\/enconscience.com\/index.php\/wp-json\/wp\/v2\/pages\/1950\/revisions\/4057"}],"up":[{"embeddable":true,"href":"https:\/\/enconscience.com\/index.php\/wp-json\/wp\/v2\/pages\/1481"}],"wp:attachment":[{"href":"https:\/\/enconscience.com\/index.php\/wp-json\/wp\/v2\/media?parent=1950"}],"curies":[{"name":"wp","href":"https:\/\/api.w.org\/{rel}","templated":true}]}}