{"id":1921,"date":"2023-07-26T12:34:14","date_gmt":"2023-07-26T10:34:14","guid":{"rendered":"http:\/\/cxuhngu.cluster027.hosting.ovh.net\/?page_id=1921"},"modified":"2026-02-13T13:37:13","modified_gmt":"2026-02-13T12:37:13","slug":"week-end","status":"publish","type":"page","link":"https:\/\/enconscience.com\/index.php\/ateliers\/week-end\/","title":{"rendered":"Week-end"},"content":{"rendered":"\n<div class=\"blockart-section blockart-section-ee77fe79 japonContainer ateliers\"><div class=\"blockart-container\"><div class=\"blockart-section-inner\">\n<div class=\"blockart-column blockart-column-1122cfe5\"><div class=\"blockart-column-inner\">\n<svg id=\"uuid-812297e1-5012-457c-b3d7-12534d64cc28\" data-name=\"Calque 2\" xmlns=\"http:\/\/www.w3.org\/2000\/svg\" viewBox=\"0 0 230.23 229.52\">\n  <defs>\n    <style>\n      .uuid-34850b57-82fa-4974-97e4-5895bef05917 {\n        fill: #fff;\n      }\n\n      .uuid-b58ebf19-c39a-4778-a756-c8b546bed3ca {\n        fill: #58b36e;\n      }\n    <\/style>\n  <\/defs>\n  <g id=\"uuid-f7e606bd-8cac-4cf5-ab90-cd383e0fcf58\" data-name=\"Calque 1\">\n    <polygon class=\"uuid-34850b57-82fa-4974-97e4-5895bef05917\" points=\"0 1.33 0 223.77 230.23 223.77 230.23 1.33 0 1.33 0 1.33\"\/>\n    <polygon class=\"uuid-b58ebf19-c39a-4778-a756-c8b546bed3ca\" points=\"0 223.77 0 229.52 230.23 229.52 230.23 223.77 0 223.77 0 223.77\"\/>\n    <polygon class=\"uuid-b58ebf19-c39a-4778-a756-c8b546bed3ca\" points=\"14.8 72.87 14.8 199.87 141.8 199.87 141.8 72.87 14.8 72.87 14.8 72.87\"\/>\n    <path d=\"m216.96,82.29l-10.03-2.64,10.03-2.39v-4.56l-17.07,4.47v4.09l10.01,2.67-10.01,2.64v4.08l17.07,4.5v-4.5l-10.03-2.36,10.03-2.61v-3.39h0Zm0,14.59h-17.07v12.2h3.86v-7.81h2.95v7.14h3.75v-7.14h2.67v7.81h3.84v-12.2h0Zm0,14.7h-17.07v12.2h3.86v-7.81h2.95v7.14h3.75v-7.14h2.67v7.81h3.84v-12.2h0Zm0,19.18v-4.47h-17.07v4.47h4.75l1.81,1.42-6.56,4.31v5.25l9.56-6.23,7.5,5.98v-5.23l-7-5.5h7Zm-10.67,10.45v6.7h3.64v-6.7h-3.64Zm10.67,9.23h-17.07v12.2h3.86v-7.81h2.95v7.14h3.75v-7.14h2.67v7.81h3.84v-12.2h0Zm0,29.77v-4.31h-9.39l9.39-6.59v-4.17h-17.07v4.31h9.98l-9.98,7.14v3.61h17.07Zm-13.2,7.23h9.37v1.83c0,2.83-1.81,4.42-4.7,4.42s-4.67-1.58-4.67-4.42v-1.83h0Zm-3.86-4.39v6.45c0,5.36,3.34,8.62,8.53,8.62s8.53-3.25,8.53-8.62v-6.45h-17.07Z\"\/>\n    <polygon class=\"uuid-b58ebf19-c39a-4778-a756-c8b546bed3ca\" points=\"0 0 0 5.76 230.23 5.76 230.23 0 0 0 0 0\"\/>\n  <\/g>\n<\/svg>\n<\/div><\/div>\n\n\n\n<div class=\"blockart-column blockart-column-3b1364c1\"><div class=\"blockart-column-inner\">\n<div class=\"wp-block-group second japon1 is-content-justification-left is-layout-constrained wp-container-core-group-is-layout-2 wp-block-group-is-layout-constrained\">\n<h1 class=\"wp-block-heading\">WEEK-END r\u00e9sidentiel (2, 3 jours)&nbsp;<\/h1>\n\n\n\n<blockquote class=\"wp-block-quote is-layout-flow wp-block-quote-is-layout-flow\">\n<p><em>M\u00e9ditation, exercices corporels, marche dans la nature, temps de silence et moments de partage.<\/em><\/p>\n<\/blockquote>\n\n\n\n<div class=\"wp-block-group is-layout-constrained wp-block-group-is-layout-constrained\">\n<p><sub>C<\/sub>haque week-end explorera une th\u00e9matique sp\u00e9cifique. A travers diff\u00e9rentes pratiques vous pourrez d\u00e9ployer votre potentiel int\u00e9rieur et cultiver un mieux-\u00eatre.&nbsp;<\/p>\n<\/div>\n\n\n\n<p><\/p>\n\n\n\n<p><\/p>\n<\/div>\n<\/div><\/div>\n<\/div><\/div><\/div>\n\n\n\n<p><\/p>\n\n\n\n<div class=\"wp-block-group is-vertical is-layout-flex wp-container-core-group-is-layout-3 wp-block-group-is-layout-flex\">\n<p><\/p>\n\n\n\n<h5 class=\"wp-block-heading\">Week-end r\u00e9sidentiel de pleine conscience &amp;\u00a0r\u00e9gulation du syst\u00e8me nerveux &#8220;<strong>Apaiser le stress, activer la vie !<\/strong>&#8221; (\u00a021\u00a0ao\u00fbt\u00a0> 23 ao\u00fbt 2026)<\/h5>\n\n\n\n<p><em>\u00ab L\u2019endroit le plus s\u00fbr o\u00f9 aller est celui que l\u2019on cr\u00e9e en soi. \u00bb<\/em> \u2014 R. M. Rilke<\/p>\n\n\n\n<p>Offrez-vous une parenth\u00e8se hors du temps,&nbsp;dans un dans un lieu paisible et ressour\u00e7ant, situ\u00e9 <strong>dans les Ardennes<\/strong>! Retrouver votre \u00e9nergie gr\u00e2ce \u00e0 des outils concrets d\u2019auto-r\u00e9gulation de votre syst\u00e8me nerveux.<\/p>\n\n\n\n<p><strong>Et si votre syst\u00e8me nerveux avait besoin de s\u00e9curit\u00e9 plut\u00f4t que de pression ?\u00a0<\/strong>\u00a0Vous vous sentez souvent\u00a0tendu\u00b7e,\u00a0stress\u00e9\u00b7e,\u00a0fatigu\u00e9\u00b7e\u00a0?\u00a0Parfois\u00a0envahi\u00b7e\u00a0par des pens\u00e9es comme \u00ab je ne suis pas assez \u00bb, \u00ab je n\u2019y arriverai pas \u00bb ?\u00a0Vous avez l\u2019impression de subir votre \u00e9tat ?\u00a0<\/p>\n\n\n\n<p>\ud83d\udc49 Ce n\u2019est pas un manque de volont\u00e9.&nbsp;&nbsp;<br>\ud83d\udc49&nbsp;C\u2019est souvent votre syst\u00e8me nerveux qui cherche \u00e0 vous prot\u00e9ger.&nbsp;<\/p>\n\n\n\n<p>Lorsque nous vivons trop longtemps en mode survie, notre corps privil\u00e9gie l\u2019\u00e9vitement, le figement ou l\u2019hyper-contr\u00f4le. On cherche avant tout \u00e0 ne plus souffrir\u2026 plut\u00f4t qu\u2019\u00e0 vivre pleinement.&nbsp;<\/p>\n\n\n\n<p>\u2728\u00a0<strong>Le temps d\u2019un week-end r\u00e9sidentiel<\/strong>, nous vous proposons de d\u00e9couvrir les bases de la\u00a0<strong>th\u00e9orie\u00a0polyvagale<\/strong>\u00a0et d\u2019exp\u00e9rimenter des outils concrets pour r\u00e9guler votre syst\u00e8me nerveux, <strong>renforcer votre s\u00e9curit\u00e9 int\u00e9rieure<\/strong> et \u00e0 <strong>retrouver \u00e9nergie, stabilit\u00e9 et clart\u00e9<\/strong>.<\/p>\n\n\n\n<p><strong>\u00c0 travers des pratiques simples, ludiques et accessibles\u00a0vous apprendrez \u00e0 :\u00a0<\/strong><\/p>\n\n\n\n<ul class=\"wp-block-list\">\n<li>reconna\u00eetre\u00a0les \u00e9tats de votre syst\u00e8me nerveux\u00a0(cartographie\u00a0polyvagale)\u00a0<\/li>\n\n\n\n<li>d\u00e9velopper\u00a0votre conscience corporelle\u00a0\u00a0\u00a0<\/li>\n\n\n\n<li>sortir\u00a0progressivement\u00a0du\u00a0stress,\u00a0de\u00a0l\u2019anxi\u00e9t\u00e9,\u00a0de la peur.\u00a0<\/li>\n\n\n\n<li>renforcer\u00a0votre capacit\u00e9 \u00e0 vous auto-apaiser\u00a0<\/li>\n\n\n\n<li>cr\u00e9er\u00a0votre\u00a0<strong>bo\u00eete \u00e0 ressources personnelle<\/strong>\u00a0<\/li>\n\n\n\n<li>entra\u00eener\u00a0votre nerf vague (m\u00e9ditation, respiration, conscience corporelle,\u00a0mouvement,\u00a0\u00a0\u2026)\u00a0\u00a0\u00a0<\/li>\n<\/ul>\n\n\n\n<p><strong>L\u2019objectif <\/strong>:&nbsp;Vous&nbsp;apprendrez \u00e0&nbsp;reconnaitre&nbsp;votre&nbsp;\u00e9tat&nbsp;interne,&nbsp;\u00e0&nbsp;faire appel \u00e0 vos ressources&nbsp;pour&nbsp;\u00e9largir vos capacit\u00e9s de choix et d\u2019action.&nbsp;&nbsp;<\/p>\n\n\n\n<p>\u2728&nbsp;Un week-end pour vous offrir un espace s\u00e9curisant, vivant et exp\u00e9rientiel &#8230;.&nbsp;et&nbsp;passer, de plus en plus souvent,&nbsp;<strong>de la survie \u00e0 la vie.<\/strong>&nbsp;Un temps pour apprendre \u00e0&nbsp;<strong>vous auto-r\u00e9guler, vous auto-apaiser<\/strong>\u2026renforcer votre s\u00e9curit\u00e9 int\u00e9rieure et repartir avec des outils que vous pourrez utiliser au quotidien&nbsp;\ud83d\udc9b&nbsp;<\/p>\n\n\n\n<p><strong>Au programme&nbsp;:<\/strong><\/p>\n\n\n\n<p class=\"has-text-align-left\">\ud83c\udf3f R\u00e9gulation du syst\u00e8me nerveux (approche polyvagale)<\/p>\n\n\n\n<p class=\"has-text-align-left\">\ud83c\udf3f M\u00e9ditations guid\u00e9es<br>\ud83c\udf3f Bains de for\u00eat<br>\ud83c\udf3f \u00c9tirements en conscience<\/p>\n\n\n\n<p class=\"has-text-align-left\">\ud83c\udf3f Temps libres pour se reposer<br>\ud83c\udf3f Repas v\u00e9g\u00e9tariens <\/p>\n\n\n\n<p><strong>&gt; Infos et inscription&nbsp;<\/strong><\/p>\n\n\n\n<p>Emergences &#8211;&nbsp;<a href=\"https:\/\/www.emergences.org\/events\/week-end-residentiel-liberez-votre-energie-vitale-un-week-end-pour-apaiser-le-systeme-nerveux\" target=\"_blank\" rel=\"noreferrer noopener\">ici<\/a><strong>&nbsp;<\/strong><\/p>\n<\/div>\n\n\n\n<div class=\"wp-block-group is-vertical is-layout-flex wp-container-core-group-is-layout-4 wp-block-group-is-layout-flex\">\n<h5 class=\"wp-block-heading\"><strong>Week-end r\u00e9sidentiel Pleine Conscience \u00ab&nbsp;La puissance du silence&nbsp;\u00bb<\/strong> (15 &gt; 17 mai 2026)<\/h5>\n\n\n\n<p><\/p>\n\n\n\n<p>Dans un havre de paix, vous allez vivre une exp\u00e9rience intense et profonde. En vous retirant volontairement du rythme de la vie quotidienne, vous pouvez vous connecter \u00e0 vous-m\u00eame et d\u00e9couvrir des aspects profonds de votre \u00eatre. Certains participants t\u00e9moignent d\u2019une gu\u00e9rison \u00e9motionnelle, d\u2019une transformation personnelle ind\u00e9niable. C\u2019est une exp\u00e9rience qui am\u00e8ne au renouvellement de soi et qui aide \u00e0 cultiver la paix int\u00e9rieure.<\/p>\n\n\n\n<p>Au programme&nbsp;:<\/p>\n\n\n\n<ul class=\"wp-block-list\">\n<li>m\u00e9ditations guid\u00e9es<\/li>\n\n\n\n<li>silence complet (sauf d\u00e9but et fin du week-end)<\/li>\n\n\n\n<li>bains de for\u00eat (les craquements de brindilles sous vos pas sont autoris\u00e9s \ud83d\ude00 )<\/li>\n\n\n\n<li>\u00e9tirements en conscience<\/li>\n\n\n\n<li>de d\u00e9licieux repas v\u00e9g\u00e9tariens<\/li>\n<\/ul>\n\n\n\n<p>Nous cultiverons le d\u00e9ploiement de chacun et du collectif avec cette belle \u00e9nergie du c\u0153ur&nbsp;!<\/p>\n\n\n\n<p><strong>Infos et inscription&nbsp;<\/strong><\/p>\n\n\n\n<p>Emergences &#8211;&nbsp;<a href=\"https:\/\/www.emergences.org\/events\/week-end-residentiel-la-puissance-du-silence-valerie-26\" data-type=\"link\" data-id=\"https:\/\/www.emergences.org\/events\/week-end-residentiel-la-puissance-du-silence\">ici<\/a><strong>&nbsp;<\/strong><\/p>\n\n\n\n<p><\/p>\n<\/div>\n\n\n\n<div class=\"wp-block-group is-vertical is-layout-flex wp-container-core-group-is-layout-5 wp-block-group-is-layout-flex\">\n<h5 class=\"wp-block-heading\"><strong>Week-end r\u00e9sidentiel \u00ab Comment s\u2019aimer soi-m\u00eame&nbsp;?&nbsp;\u00bb <\/strong>(10 &gt; 12 juillet 2026)<\/h5>\n\n\n\n<p><\/p>\n\n\n\n<p>Ce week-end sera l\u2019occasion de prendre du temps pour vous, de vous offrir une parenth\u00e8se hors de votre quotidien ! Dans un havre de paix \u00e0 la lisi\u00e8re d\u2019une for\u00eat qui domine la Vall\u00e9e de la Salm (Ardenne belge), vous allez pouvoir vous poser, entrer en contact avec vous-m\u00eame et apprendre \u00e0 vous aimer un peu, beaucoup, passionn\u00e9ment&nbsp;? De toute fa\u00e7on plus et mieux que d\u2019habitude&nbsp;!<\/p>\n\n\n\n<p><strong>Au programme&nbsp;:<\/strong><\/p>\n\n\n\n<ul class=\"wp-block-list\">\n<li>tout simplement vous appr\u00e9cier<\/li>\n\n\n\n<li>vous lib\u00e9rer de l\u2019autocritique et des jugements<\/li>\n\n\n\n<li>vous prot\u00e9ger, mettre vos limites<\/li>\n\n\n\n<li>r\u00e9guler vos \u00e9motions<\/li>\n\n\n\n<li>vous centrer de mani\u00e8re \u00e0 agir en position de force<\/li>\n\n\n\n<li>bains de for\u00eat&nbsp;<\/li>\n\n\n\n<li>de d\u00e9licieux repas v\u00e9g\u00e9tariens<\/li>\n<\/ul>\n\n\n\n<p><strong>&gt; Infos et inscription&nbsp;<\/strong><\/p>\n\n\n\n<p>Emergences &#8211;&nbsp;<a href=\"https:\/\/www.emergences.org\/events\/week-end-residentiel-comment-saimer-soi-meme-juillet\" data-type=\"link\" data-id=\"https:\/\/www.emergences.org\/events\/week-end-residentiel-comment-saimer-soi-meme\" target=\"_blank\" rel=\"noreferrer noopener\">ici<\/a><strong>&nbsp;<\/strong><\/p>\n<\/div>\n","protected":false},"excerpt":{"rendered":"<p>Week-end r\u00e9sidentiel de pleine conscience &amp;\u00a0r\u00e9gulation du syst\u00e8me nerveux &#8220;Apaiser le stress, activer la vie !&#8221; (\u00a021\u00a0ao\u00fbt\u00a0> 23 ao\u00fbt 2026) \u00ab L\u2019endroit le plus s\u00fbr o\u00f9 aller est celui que l\u2019on cr\u00e9e en soi. \u00bb \u2014 R. M. Rilke Offrez-vous une parenth\u00e8se hors du temps,&nbsp;dans un dans un lieu paisible et ressour\u00e7ant, situ\u00e9 dans les [&hellip;]<\/p>\n","protected":false},"author":1,"featured_media":0,"parent":2852,"menu_order":2,"comment_status":"closed","ping_status":"closed","template":"","meta":{"footnotes":""},"class_list":["post-1921","page","type-page","status-publish","hentry"],"_links":{"self":[{"href":"https:\/\/enconscience.com\/index.php\/wp-json\/wp\/v2\/pages\/1921"}],"collection":[{"href":"https:\/\/enconscience.com\/index.php\/wp-json\/wp\/v2\/pages"}],"about":[{"href":"https:\/\/enconscience.com\/index.php\/wp-json\/wp\/v2\/types\/page"}],"author":[{"embeddable":true,"href":"https:\/\/enconscience.com\/index.php\/wp-json\/wp\/v2\/users\/1"}],"replies":[{"embeddable":true,"href":"https:\/\/enconscience.com\/index.php\/wp-json\/wp\/v2\/comments?post=1921"}],"version-history":[{"count":70,"href":"https:\/\/enconscience.com\/index.php\/wp-json\/wp\/v2\/pages\/1921\/revisions"}],"predecessor-version":[{"id":4268,"href":"https:\/\/enconscience.com\/index.php\/wp-json\/wp\/v2\/pages\/1921\/revisions\/4268"}],"up":[{"embeddable":true,"href":"https:\/\/enconscience.com\/index.php\/wp-json\/wp\/v2\/pages\/2852"}],"wp:attachment":[{"href":"https:\/\/enconscience.com\/index.php\/wp-json\/wp\/v2\/media?parent=1921"}],"curies":[{"name":"wp","href":"https:\/\/api.w.org\/{rel}","templated":true}]}}