{"id":1233,"date":"2023-05-22T01:07:40","date_gmt":"2023-05-21T23:07:40","guid":{"rendered":"http:\/\/cxuhngu.cluster027.hosting.ovh.net\/?page_id=1233"},"modified":"2024-07-24T18:11:16","modified_gmt":"2024-07-24T16:11:16","slug":"entreprise","status":"publish","type":"page","link":"https:\/\/enconscience.com\/index.php\/entreprise\/","title":{"rendered":"Entreprises"},"content":{"rendered":"\n<div class=\"blockart-section blockart-section-ee77fe79 japonContainer\"><div class=\"blockart-container\"><div class=\"blockart-section-inner\">\n<div class=\"blockart-column blockart-column-1122cfe5\"><div class=\"blockart-column-inner\">\n<figure class=\"wp-block-image size-large enterprise_img\"><img loading=\"lazy\" decoding=\"async\" width=\"718\" height=\"1024\" src=\"https:\/\/enconscience.com\/wp-content\/uploads\/2024\/07\/enterprises-718x1024.jpg\" alt=\"\" class=\"wp-image-4065\" srcset=\"https:\/\/enconscience.com\/wp-content\/uploads\/2024\/07\/enterprises-718x1024.jpg 718w, https:\/\/enconscience.com\/wp-content\/uploads\/2024\/07\/enterprises-210x300.jpg 210w, https:\/\/enconscience.com\/wp-content\/uploads\/2024\/07\/enterprises-768x1095.jpg 768w, https:\/\/enconscience.com\/wp-content\/uploads\/2024\/07\/enterprises-1077x1536.jpg 1077w, https:\/\/enconscience.com\/wp-content\/uploads\/2024\/07\/enterprises.jpg 1302w\" sizes=\"(max-width: 718px) 100vw, 718px\" \/><\/figure>\n<\/div><\/div>\n\n\n\n<div class=\"blockart-column blockart-column-3b1364c1\"><div class=\"blockart-column-inner\">\n<div class=\"wp-block-group second japon1 is-content-justification-left is-layout-constrained wp-container-core-group-is-layout-2 wp-block-group-is-layout-constrained\">\n<h1 class=\"wp-block-heading\"><strong>Interventions en entreprises<\/strong><\/h1>\n\n\n\n<div class=\"wp-block-group is-layout-constrained wp-block-group-is-layout-constrained\">\n<p><sub>C<\/sub>es interventions ont pour but de d\u00e9velopper le bien-\u00eatre au travail, de mani\u00e8re durable.<\/p>\n\n\n\n<p><\/p>\n\n\n\n<h3 class=\"wp-block-heading\">Objectifs&nbsp;:<\/h3>\n\n\n\n<ul class=\"wp-block-list\">\n<li>am\u00e9liorer l\u2019efficacit\u00e9 cognitive<\/li>\n\n\n\n<li>accro\u00eetre la concentration<\/li>\n\n\n\n<li>pr\u00e9venir le burn-out.&nbsp;<\/li>\n<\/ul>\n\n\n\n<p>Les participants d\u00e9couvriront des outils de gestion du stress, de r\u00e9gulation \u00e9motionnelle et de communication, qui leur serviront au-del\u00e0 du moment du stage.&nbsp;<\/p>\n\n\n\n<h3 class=\"wp-block-heading\">Ces formations sont bas\u00e9es sur&nbsp;trois programmes valid\u00e9s scientifiquement&nbsp;:<\/h3>\n\n\n\n<ul class=\"wp-block-list\">\n<li>la <strong>pleine conscience<\/strong> qui, dans une pratique attentionnelle, permet de d\u00e9velopper la capacit\u00e9 \u00e0 vivre le moment pr\u00e9sent sans jugement et d\u2019am\u00e9liorer la conscience de soi afin de rester disponible \u00e0 soi et aux autres&nbsp;<\/li>\n\n\n\n<li><strong>l\u2019autocompassion<\/strong> qui procure une capacit\u00e9 de r\u00e9silience \u00e9motionnelle<\/li>\n\n\n\n<li><strong>la communication consciente <\/strong>qui permet d\u2019acqu\u00e9rir des aptitudes pour mieux communiquer et d\u00e9velopper une meilleure interaction avec les autres.&nbsp;<\/li>\n<\/ul>\n\n\n\n<h3 class=\"wp-block-heading\"><strong>Contenu<\/strong>&nbsp;: <\/h3>\n\n\n\n<p>brefs apports th\u00e9oriques, mises en pratique, \u00e9changes en groupe et en duo.&nbsp;<\/p>\n<\/div>\n<\/div>\n<\/div><\/div>\n<\/div><\/div><\/div>\n\n\n\n<div class=\"wp-block-group is-vertical is-layout-flex wp-container-core-group-is-layout-3 wp-block-group-is-layout-flex\">\n<h5 class=\"wp-block-heading\"><strong><strong>Organisation<\/strong><\/strong><\/h5>\n\n\n\n<p class=\"block\">Ces formations s\u2019organisent sur mesure. La plage horaire peut varier d\u2019une heure \u00e0 quelques jours, en fonction de la demande de l\u2019entreprise.<\/p>\n<\/div>\n\n\n\n<div class=\"wp-block-group is-vertical is-layout-flex wp-container-core-group-is-layout-4 wp-block-group-is-layout-flex\">\n<h5 class=\"wp-block-heading\"><strong><strong>Infos pratiques<\/strong><\/strong><\/h5>\n\n\n\n<p class=\"block\">Val\u00e9rie van Nitsen&nbsp;\/ 0476 592&nbsp;648&nbsp; \/ <a href=\"mailto:valerievn@live.be\">valerievn@live.be<\/a><\/p>\n<\/div>\n","protected":false},"excerpt":{"rendered":"<p>Organisation Ces formations s\u2019organisent sur mesure. La plage horaire peut varier d\u2019une heure \u00e0 quelques jours, en fonction de la demande de l\u2019entreprise. Infos pratiques Val\u00e9rie van Nitsen&nbsp;\/ 0476 592&nbsp;648&nbsp; \/ valerievn@live.be<\/p>\n","protected":false},"author":1,"featured_media":0,"parent":0,"menu_order":0,"comment_status":"closed","ping_status":"closed","template":"","meta":{"footnotes":""},"class_list":["post-1233","page","type-page","status-publish","hentry"],"_links":{"self":[{"href":"https:\/\/enconscience.com\/index.php\/wp-json\/wp\/v2\/pages\/1233"}],"collection":[{"href":"https:\/\/enconscience.com\/index.php\/wp-json\/wp\/v2\/pages"}],"about":[{"href":"https:\/\/enconscience.com\/index.php\/wp-json\/wp\/v2\/types\/page"}],"author":[{"embeddable":true,"href":"https:\/\/enconscience.com\/index.php\/wp-json\/wp\/v2\/users\/1"}],"replies":[{"embeddable":true,"href":"https:\/\/enconscience.com\/index.php\/wp-json\/wp\/v2\/comments?post=1233"}],"version-history":[{"count":29,"href":"https:\/\/enconscience.com\/index.php\/wp-json\/wp\/v2\/pages\/1233\/revisions"}],"predecessor-version":[{"id":4067,"href":"https:\/\/enconscience.com\/index.php\/wp-json\/wp\/v2\/pages\/1233\/revisions\/4067"}],"wp:attachment":[{"href":"https:\/\/enconscience.com\/index.php\/wp-json\/wp\/v2\/media?parent=1233"}],"curies":[{"name":"wp","href":"https:\/\/api.w.org\/{rel}","templated":true}]}}

<div class="blockart-section blockart-section-ee77fe79 japonContainer"><div class="blockart-container"><div class="blockart-section-inner">
<div class="blockart-column blockart-column-1122cfe5"><div class="blockart-column-inner">
<figure class="wp-block-image size-large enterprise_img"><img loading="lazy" decoding="async" width="718" height="1024" src="https://enconscience.com/wp-content/uploads/2024/07/enterprises-718x1024.jpg" alt="" class="wp-image-4065" srcset="https://enconscience.com/wp-content/uploads/2024/07/enterprises-718x1024.jpg 718w, https://enconscience.com/wp-content/uploads/2024/07/enterprises-210x300.jpg 210w, https://enconscience.com/wp-content/uploads/2024/07/enterprises-768x1095.jpg 768w, https://enconscience.com/wp-content/uploads/2024/07/enterprises-1077x1536.jpg 1077w, https://enconscience.com/wp-content/uploads/2024/07/enterprises.jpg 1302w" sizes="(max-width: 718px) 100vw, 718px" /></figure>
</div></div>



<div class="blockart-column blockart-column-3b1364c1"><div class="blockart-column-inner">
<div class="wp-block-group second japon1 is-content-justification-left is-layout-constrained wp-container-core-group-is-layout-2 wp-block-group-is-layout-constrained">
<h1 class="wp-block-heading"><strong>Interventions en entreprises</strong></h1>



<div class="wp-block-group is-layout-constrained wp-block-group-is-layout-constrained">
<p><sub>C</sub>es interventions ont pour but de développer le bien-être au travail, de manière durable.</p>



<p></p>



<h3 class="wp-block-heading">Objectifs&nbsp;:</h3>



<ul class="wp-block-list">
<li>améliorer l’efficacité cognitive</li>



<li>accroître la concentration</li>



<li>prévenir le burn-out.&nbsp;</li>
</ul>



<p>Les participants découvriront des outils de gestion du stress, de régulation émotionnelle et de communication, qui leur serviront au-delà du moment du stage.&nbsp;</p>



<h3 class="wp-block-heading">Ces formations sont basées sur&nbsp;trois programmes validés scientifiquement&nbsp;:</h3>



<ul class="wp-block-list">
<li>la <strong>pleine conscience</strong> qui, dans une pratique attentionnelle, permet de développer la capacité à vivre le moment présent sans jugement et d’améliorer la conscience de soi afin de rester disponible à soi et aux autres&nbsp;</li>



<li><strong>l’autocompassion</strong> qui procure une capacité de résilience émotionnelle</li>



<li><strong>la communication consciente </strong>qui permet d’acquérir des aptitudes pour mieux communiquer et développer une meilleure interaction avec les autres.&nbsp;</li>
</ul>



<h3 class="wp-block-heading"><strong>Contenu</strong>&nbsp;: </h3>



<p>brefs apports théoriques, mises en pratique, échanges en groupe et en duo.&nbsp;</p>
</div>
</div>
</div></div>
</div></div></div>



<div class="wp-block-group is-vertical is-layout-flex wp-container-core-group-is-layout-3 wp-block-group-is-layout-flex">
<h5 class="wp-block-heading"><strong><strong>Organisation</strong></strong></h5>



<p class="block">Ces formations s’organisent sur mesure. La plage horaire peut varier d’une heure à quelques jours, en fonction de la demande de l’entreprise.</p>
</div>



<div class="wp-block-group is-vertical is-layout-flex wp-container-core-group-is-layout-4 wp-block-group-is-layout-flex">
<h5 class="wp-block-heading"><strong><strong>Infos pratiques</strong></strong></h5>



<p class="block">Valérie van Nitsen&nbsp;/ 0476 592&nbsp;648&nbsp; / <a href="mailto:valerievn@live.be">valerievn@live.be</a></p>
</div>

<p>Organisation Ces formations s’organisent sur mesure. La plage horaire peut varier d’une heure à quelques jours, en fonction de la demande de l’entreprise. Infos pratiques Valérie van Nitsen&nbsp;/ 0476 592&nbsp;648&nbsp; / valerievn@live.be</p>
